of c?
5
What is the hundreds digit of ((-574)/(-84))/(8/2736)?
3
Let a be 8/14 + (-1076)/(-28). Let u = 39 - a. What is the tens digit of 12/3 + u + 17?
2
Suppose d + m - 1152 = -4*m, 0 = 4*d - 3*m - 4493. What is the hundreds digit of d?
1
Suppose 43*z - 45 = 48*z. Let s(o) = 3*o**2 + 3*o + 2. What is the units digit of s(z)?
8
Let j = -1308 - -1369. What is the units digit of j?
1
Let t(z) = 5*z + 8. Let f be t(6). Suppose 3*j = 6*j + a + 49, 3*j + 2*a = -47. Let x = f + j. What is the tens digit of x?
2
Suppose -15*q = 8*q - 72266. What is the hundreds digit of q?
1
What is the tens digit of ((-31)/(-62))/((-2006)/1004 - -2)?
5
Suppose -5 = 5*i - 20. Suppose 903 - 183 = i*a. What is the units digit of a?
0
Let a(g) = g + 4. Suppose 2*u = -2, 6*u + 3 = 5*r + 3*u. Let j be a(r). Suppose 210 + 6 = j*q. What is the tens digit of q?
5
Let i(x) = -x**3 - 2*x**2 + 2*x + 1. Let g be i(-3). Suppose 0 = -3*l - g*m + 265, 2*m = -l + 4 + 87. What is the tens digit of l?
8
Let j(o) = -9*o**2 - 17*o - 18. Let k(i) = 5*i**2 + 8*i + 9. Let h(v) = 4*j(v) + 7*k(v). What is the tens digit of h(-6)?
2
Let f(w) = -w**2 + 9*w - 14. Let s be f(7). Let b be (0 - 2) + 8 + s. What is the tens digit of ((-69)/b)/(3/(-6))?
2
Suppose 4060 = 80*l - 75*l. What is the hundreds digit of l?
8
What is the units digit of 273 + -8 + (5 - -2)?
2
Let o(w) = -6*w - 9. Let f be o(-2). Suppose -6*j + 33 = 4*p - f*j, p = -3*j - 3. Suppose -x = 2*x - p. What is the units digit of x?
4
Let f = 37 + -53. What is the hundreds digit of 4/f - 717/(-4)?
1
Let z(a) = -a - 18. Let t be z(-22). Suppose -66 = -t*l + 46. What is the tens digit of l?
2
Suppose 2*g + 2*g + 3*q = 3156, g = -2*q + 789. What is the hundreds digit of g?
7
Let s(f) = 17*f**2 + 16*f + 7. What is the hundreds digit of s(-9)?
2
Let i(r) = 2*r**2 + 5*r - 20. Let l be i(6). Let g = 176 - l. What is the units digit of g?
4
Let y = -16 - -12. What is the units digit of y/(-14) + 515/35?
5
Let f be 0 + 4 + (-2)/2. Suppose f = -k + 5. Suppose 0 = -k*o - 15 + 63. What is the units digit of o?
4
Let q(s) = 7*s**2 - 6*s - 13. What is the hundreds digit of q(-6)?
2
Let o(b) = -4*b - b**3 - 6 + 5*b - 9*b**2 - 3*b - 5. What is the units digit of o(-9)?
7
Let x be 3/(-3 - (-9)/2). Let o = 19 + x. What is the units digit of o?
1
Suppose 4*t + 92 = 5*b + 639, 4*b + 145 = t. Suppose 5*x = y - 69, x + 9 = y - 4. What is the units digit of 8/(-2)*t/x?
8
Let q = -6 - -8. Suppose 0 = -0*g - q*g + 22. What is the tens digit of g?
1
Let b = -1066 - -1507. What is the hundreds digit of b?
4
Suppose 4*s - 108 - 52 = 0. Suppose s*l = 35*l + 240. What is the tens digit of l?
4
Let d(a) = -2*a**3 - 2*a**2 + 13*a - 5*a + a**3 + 0*a**2. What is the units digit of d(-7)?
9
Suppose 3*y + 3*j = 126, -y + j + 0*j = -48. Suppose -5*z - y = -2*w, -2*w + 35 = -w - 5*z. Let d = 29 - w. What is the tens digit of d?
1
Let l(x) = 2*x**2 - 69*x - 62. What is the tens digit of l(41)?
7
Let t(q) = 2*q - 5. Let j be t(5). Let o = j - -9. What is the units digit of o?
4
Let b(o) be the second derivative of o**4/12 + 4*o**3/3 + 6*o**2 + o. Suppose -4*f - 46 = -10. What is the tens digit of b(f)?
2
Suppose -2*o - 17 = m, 5*o + 32 = -6*m + 7*m. Let g(u) = u**2 - 43. What is the units digit of g(o)?
6
Let l = -105 + 122. Suppose 720 = -11*b + l*b. What is the units digit of b?
0
Suppose -8*a + 43 = 11. Suppose 5*k + a*q - 178 = 3*q, q + 102 = 3*k. What is the tens digit of k?
3
Let u(v) = 39*v**3 - 2*v**2 - v - 2. Let i(d) = d**3 - d**2 - d. Let j(b) = -3*i(b) + u(b). What is the units digit of j(1)?
7
Let v be (-22)/33 - 34/(-6). Suppose -4*m - 5*j = -188, 4*j + 46 = m + v*j. What is the units digit of m?
2
Let h = -31 + 34. Let f(v) = 15*v**3 - v + 2. Let m be f(2). Suppose -m = -h*l + 18. What is the tens digit of l?
4
Let f(l) be the first derivative of -l**4/12 + 11*l**3/6 - l**2/2 - 2*l - 2. Let o(q) be the first derivative of f(q). What is the units digit of o(6)?
9
Let h(x) = x**2 + 5*x + 5. Let n be h(0). Suppose -n*v + 2*m = -135, -2*m = -2*v + 2*m + 38. What is the units digit of v?
9
Let q be (-3)/(-15) + ((-432)/10 - 0). Let b = 131 + q. What is the tens digit of b?
8
Suppose 5*z + 5*k + 5 = 0, -2*z - 2*k - k = 0. What is the units digit of 26 - z - (1 + -4)?
2
Let k(d) be the first derivative of d**3/3 + 2*d**2 - 5. Let a be k(-4). Suppose a - 14 = -2*w. What is the units digit of w?
7
Suppose -4*r = -24*o + 23*o - 5545, -2*r = -4*o - 2762. What is the tens digit of r?
8
Let z(b) = -71*b - 4. What is the hundreds digit of z(-28)?
9
Let x be (-59)/1*(5 - 8). Suppose 3*m - 5*o = 169, 3*m - 4*o - x = -o. Suppose 0*d = 3*d - m. What is the tens digit of d?
2
Suppose a = -l + 91, 0 = -0*a - 6*a + 3*l + 537. What is the units digit of a?
0
Let q(x) = x**2 - 7*x + 5. Let h(u) = 2*u**2 + u. Let z be h(1). Let r be z*1 + (-15)/(-3). What is the tens digit of q(r)?
1
Suppose 3*x = -4*k + 19, -2*k = -4*k + 2*x + 6. Suppose 0 = -k*b - 76 - 128. Let y = -12 - b. What is the tens digit of y?
3
Let v be 3/((4/(-4))/1). Let g(z) = z**3 - 8*z**2 + 6*z + 3. Let x be g(5). What is the units digit of (4 + v)/((-2)/x)?
1
Suppose p - 65 = g, 5*g + 302 = p - 15. Let k be ((-4)/3)/(1/g). Let v = k + -54. What is the units digit of v?
0
Suppose -x = 3*x + 16, 5*x = 5*w - 175. What is the units digit of w?
1
Let t(h) = 6*h - 9. Let n be t(2). Suppose -109 - 107 = -n*u. What is the tens digit of u?
7
Let c(k) = -k**2 - 67*k + 35. What is the units digit of c(-22)?
5
Let g = -73 + 111. Suppose r = 2*r - 5*c - g, r + c - 44 = 0. What is the tens digit of r?
4
Suppose 0 = 2*b + 4*r - 514, 5*b + 120 - 1370 = -3*r. Suppose 0 = -k + 5*p + b, -721 = -2*k - k - 5*p. What is the tens digit of k?
4
Suppose 0*f = 3*f - 9. Suppose -5*b + 234 = f*k, -3*b + 4*k = -5*b + 88. What is the units digit of b?
8
Suppose -4*r - 345 = -9*r. Suppose 3*m = 2*y + 203, -2*m + y + r = -m. What is the tens digit of m?
6
Suppose -2*a = 3*m - 261, -28*m + 24*m + 348 = -a. What is the units digit of m?
7
Let w = 8528 + -4371. What is the units digit of w?
7
Let q be (2 - 4)/((-2)/8). Suppose -4*x = -q*x. Suppose -4*t = 3*s - 40, x = -0*s + 2*s + t - 30. What is the units digit of s?
6
Let b be 50/(-6) + 2/(-3). Let u(n) = -n**3 - 9*n**2 + 2. Let v be u(b). Let l(p) = p**3 - p**2 - 2. What is the units digit of l(v)?
2
Suppose 4*k = -4*s + 2068, 945 = 4*s + 5*k - 1125. What is the tens digit of s?
1
Let r(z) = -z**3 + 2*z**2 + 5*z - 6. Let d be r(3). What is the units digit of 6 + 19 - (d - -1)?
4
Let y be -1 - -11 - (-8 + 11). Suppose -y*a = a. Suppose -2*f + 28 = 5*p, 3*p = f - a*f - 25. What is the tens digit of f?
1
Let w(d) = 86*d - 367. What is the hundreds digit of w(25)?
7
Suppose 0 = 3*n - 3*m + 4*m - 5, 2*n + 2*m - 6 = 0. Let d be -1*n*(0 - 7). Suppose -d*a = -5*a - 52. What is the tens digit of a?
2
Let a(j) be the second derivative of 31*j**4/12 + j**3/6 - j**2/2 + j. Let o = 132 + -131. What is the tens digit of a(o)?
3
Suppose s = -4*z - 17, -2*z - z = s + 17. Let o = -1 - -1. What is the tens digit of (o - s) + (-8)/4?
1
Let b be (-8)/(-16) - (-1)/(-2). Let y(o) = -o**3 - 6*o**2 - 6*o - 14. Let z be y(-6). Suppose b*j = j - z. What is the units digit of j?
2
Let t = 926 + -530. Suppose -5*m + t = -m. What is the tens digit of m?
9
Let g(f) = 256*f - 12. What is the tens digit of g(2)?
0
Let h(j) = j + 14. Let b be h(-11). Suppose b*i - t + 0*t = 220, -4*i = 3*t - 276. What is the tens digit of i?
7
Suppose -2*y - 27*v + 7373 = -28*v, 5*v = 25. What is the hundreds digit of y?
6
Let c(v) = -v**3 + 10*v**2 - 2*v + 15. Let l be c(10). Let w(r) be the second derivative of r**4/12 - 2*r**3/3 + 5*r. What is the tens digit of w(l)?
4
Suppose -8*k + 4901 = 1797. What is the tens digit of k?
8
Suppose 1400 = 7*u - 2807. What is the hundreds digit of u?
6
Suppose -3*f + 1570 = 2*a, -4*a - a - f = -3925. What is the units digit of a?
5
Let o(w) = -2*w**2 - 14*w + 6. Let h be o(-7). Suppose -h*s + 2*s = j - 203, 5*s = -3*j + 259. What is the units digit of s?
0
Suppose -6*q + 4*s = -4*q - 1414, -2*q - 5*s + 1405 = 0. What is the tens digit of q?
0
Suppose 5*z - 2602 = -3*x + 288, 0 = 3*z - 5*x - 1734. What is the hundreds digit of z?
5
Suppose 3*m = 48 + 15. What is the tens digit of (m/(-7))/((-3)/53)?
5
